{"id":240,"date":"2019-02-18T18:01:19","date_gmt":"2019-02-18T17:01:19","guid":{"rendered":"http:\/\/www.bercher.info\/?page_id=240"},"modified":"2020-11-17T18:32:50","modified_gmt":"2020-11-17T17:32:50","slug":"votre-praticienne","status":"publish","type":"page","link":"https:\/\/www.bercher.info\/index.php\/votre-praticienne\/","title":{"rendered":"Votre praticienne"},"content":{"rendered":"\n<figure class=\"wp-block-gallery aligncenter columns-1 is-cropped\"><ul class=\"blocks-gallery-grid\"><li class=\"blocks-gallery-item\"><figure><img loading=\"lazy\" width=\"730\" height=\"552\" src=\"http:\/\/www.bercher.info\/wp-content\/uploads\/2019\/02\/massage-echarpe-b-1.jpg\" alt=\"\" data-id=\"241\" data-link=\"http:\/\/www.bercher.info\/?attachment_id=241\" class=\"wp-image-241\" srcset=\"https:\/\/www.bercher.info\/wp-content\/uploads\/2019\/02\/massage-echarpe-b-1.jpg 730w, https:\/\/www.bercher.info\/wp-content\/uploads\/2019\/02\/massage-echarpe-b-1-300x227.jpg 300w\" sizes=\"(max-width: 730px) 100vw, 730px\" \/><figcaption class=\"blocks-gallery-item__caption\">A modifier<\/figcaption><\/figure><\/li><\/ul><\/figure>\n\n\n\n<p>Apr\u00e8s plusieurs ann\u00e9es pass\u00e9es en tant que manipulatrice en radioth\u00e9rapie, j\u2019ai ressenti le besoin d\u2019apporter mon aide aux personnes autrement. Le fait d\u2019avoir \u00e9t\u00e9 confront\u00e9 au cancer au quotidien, je me suis interrog\u00e9e sur la possibilit\u00e9 de faire quelque chose en amont, agir avant que leur corps ne dise stop.<br>La rencontre avec le shiatsu a \u00e9t\u00e9 une r\u00e9ponse.. Au del\u00e0 de ma d\u00e9marche personnelle de me sentir mieux dans mon corps et dans ma t\u00eate, cette pratique m\u2019a apport\u00e9 ce que je recherchais : un touch\u00e9 positif et b\u00e9n\u00e9fique pour les autres.<br>J\u2019ai suivi et suis encore, (car on arr\u00eate jamais d\u2019apprendre) \u00e0 l\u2019\u00e9cole parisienne \u00ab l\u2019Art du Toucher \u00bb dirig\u00e9 par Barbara Aubry.&nbsp;<\/p>\n\n\n\n<p>Actuellement, je suis en attente de Certification.<\/p>\n\n\n\n<div class=\"wp-block-image\"><figure class=\"aligncenter is-resized\"><img loading=\"lazy\" src=\"http:\/\/www.bercher.info\/wp-content\/uploads\/2019\/02\/logo-web.jpg\" alt=\"\" class=\"wp-image-111\" width=\"229\" height=\"271\" srcset=\"https:\/\/www.bercher.info\/wp-content\/uploads\/2019\/02\/logo-web.jpg 423w, https:\/\/www.bercher.info\/wp-content\/uploads\/2019\/02\/logo-web-254x300.jpg 254w\" sizes=\"(max-width: 229px) 100vw, 229px\" \/><\/figure><\/div>\n","protected":false},"excerpt":{"rendered":"<p>Apr\u00e8s plusieurs ann\u00e9es pass\u00e9es en tant que manipulatrice en radioth\u00e9rapie, j\u2019ai ressenti le besoin d\u2019apporter mon aide aux personnes autrement. Le fait d\u2019avoir \u00e9t\u00e9 confront\u00e9 au cancer au quotidien, je me suis interrog\u00e9e sur la possibilit\u00e9 de faire quelque chose en amont, agir avant que leur corps ne dise stop.La rencontre avec le shiatsu a&hellip; <br \/> <a class=\"read-more\" href=\"https:\/\/www.bercher.info\/index.php\/votre-praticienne\/\">Lire la suite<\/a><\/p>\n","protected":false},"author":2,"featured_media":0,"parent":0,"menu_order":0,"comment_status":"closed","ping_status":"closed","template":"","meta":[],"_links":{"self":[{"href":"https:\/\/www.bercher.info\/index.php\/wp-json\/wp\/v2\/pages\/240"}],"collection":[{"href":"https:\/\/www.bercher.info\/index.php\/wp-json\/wp\/v2\/pages"}],"about":[{"href":"https:\/\/www.bercher.info\/index.php\/wp-json\/wp\/v2\/types\/page"}],"author":[{"embeddable":true,"href":"https:\/\/www.bercher.info\/index.php\/wp-json\/wp\/v2\/users\/2"}],"replies":[{"embeddable":true,"href":"https:\/\/www.bercher.info\/index.php\/wp-json\/wp\/v2\/comments?post=240"}],"version-history":[{"count":3,"href":"https:\/\/www.bercher.info\/index.php\/wp-json\/wp\/v2\/pages\/240\/revisions"}],"predecessor-version":[{"id":346,"href":"https:\/\/www.bercher.info\/index.php\/wp-json\/wp\/v2\/pages\/240\/revisions\/346"}],"wp:attachment":[{"href":"https:\/\/www.bercher.info\/index.php\/wp-json\/wp\/v2\/media?parent=240"}],"curies":[{"name":"wp","href":"https:\/\/api.w.org\/{rel}","templated":true}]}}